{"id":2231,"date":"2025-12-04T13:19:22","date_gmt":"2025-12-04T13:19:22","guid":{"rendered":"https:\/\/guarinos83.fr\/?page_id=2231"},"modified":"2026-01-14T12:05:25","modified_gmt":"2026-01-14T12:05:25","slug":"administration-du-personnel","status":"publish","type":"page","link":"https:\/\/guarinos83.fr\/?page_id=2231","title":{"rendered":"Administration du personnel"},"content":{"rendered":"\n<div class=\"blockart-section blockart-section-741c1c3f\"><div class=\"blockart-container\"><div class=\"blockart-section-inner\">\n<div class=\"blockart-column blockart-column-dfa722f2\"><div class=\"blockart-column-inner\">\n<h6 class=\"blockart-heading blockart-heading-9a029d20\"> Administration du personnel<\/h6>\n\n\n\n<p class=\"blockart-paragraph blockart-paragraph-b2509ed8\">Accueillez vos salari\u00e9s en toute s\u00e9r\u00e9nit\u00e9, notre \u00e9quipe d\u00e9clare l\u2019embauche de votre salari\u00e9 avant son arriv\u00e9e, r\u00e9dige son contrat de travail, l\u2019affili\u00e9 aux diff\u00e9rents organismes sociaux, l\u2019enregistre sur demande \u00e0 la m\u00e9decine du travail et vous conseille dans la gestion de vos plannings, de vos cong\u00e9s pay\u00e9s et tout au long du cycle de vie de votre personnel.<br><br><strong>Nos missions\u00a0:<\/strong><\/p>\n\n\n\n<ul style=\"font-size:18px\" class=\"wp-block-list\">\n<li>Soutien dans le suivi administratif du salari\u00e9.<\/li>\n\n\n\n<li>Gestion de l\u2019entr\u00e9e, des absences du salari\u00e9.<\/li>\n\n\n\n<li>Suivi et \u00e9dition des documents de sortie du salari\u00e9.<\/li>\n\n\n\n<li>Aide dans le choix des logiciels d\u2019information des Ressources humaines.<\/li>\n<\/ul>\n<\/div><\/div>\n<\/div><\/div><\/div>\n","protected":false},"excerpt":{"rendered":"","protected":false},"author":1,"featured_media":0,"parent":0,"menu_order":0,"comment_status":"closed","ping_status":"closed","template":"","meta":{"zakra_sidebar_layout":"customizer","zakra_remove_content_margin":false,"zakra_sidebar":"customizer","zakra_transparent_header":"0","zakra_logo":0,"zakra_main_header_style":"default","zakra_menu_item_color":"#ffffff","zakra_menu_item_hover_color":"","zakra_menu_item_active_color":"","zakra_menu_active_style":"style-2","zakra_page_header":false,"footnotes":""},"class_list":["post-2231","page","type-page","status-publish","hentry"],"_links":{"self":[{"href":"https:\/\/guarinos83.fr\/index.php?rest_route=\/wp\/v2\/pages\/2231","targetHints":{"allow":["GET"]}}],"collection":[{"href":"https:\/\/guarinos83.fr\/index.php?rest_route=\/wp\/v2\/pages"}],"about":[{"href":"https:\/\/guarinos83.fr\/index.php?rest_route=\/wp\/v2\/types\/page"}],"author":[{"embeddable":true,"href":"https:\/\/guarinos83.fr\/index.php?rest_route=\/wp\/v2\/users\/1"}],"replies":[{"embeddable":true,"href":"https:\/\/guarinos83.fr\/index.php?rest_route=%2Fwp%2Fv2%2Fcomments&post=2231"}],"version-history":[{"count":11,"href":"https:\/\/guarinos83.fr\/index.php?rest_route=\/wp\/v2\/pages\/2231\/revisions"}],"predecessor-version":[{"id":2354,"href":"https:\/\/guarinos83.fr\/index.php?rest_route=\/wp\/v2\/pages\/2231\/revisions\/2354"}],"wp:attachment":[{"href":"https:\/\/guarinos83.fr\/index.php?rest_route=%2Fwp%2Fv2%2Fmedia&parent=2231"}],"curies":[{"name":"wp","href":"https:\/\/api.w.org\/{rel}","templated":true}]}}