{"id":2228,"date":"2025-12-04T13:16:39","date_gmt":"2025-12-04T13:16:39","guid":{"rendered":"https:\/\/guarinos83.fr\/?page_id=2228"},"modified":"2026-01-14T12:05:40","modified_gmt":"2026-01-14T12:05:40","slug":"gestion-de-la-paie-2","status":"publish","type":"page","link":"https:\/\/guarinos83.fr\/?page_id=2228","title":{"rendered":"Gestion de la paie"},"content":{"rendered":"\n<div class=\"blockart-section blockart-section-741c1c3f\"><div class=\"blockart-container\"><div class=\"blockart-section-inner\">\n<div class=\"blockart-column blockart-column-dfa722f2\"><div class=\"blockart-column-inner\">\n<h6 class=\"blockart-heading blockart-heading-9a029d20\"><strong>Gestion de la paie : simplicit\u00e9 et s\u00e9curit\u00e9 pour votre entreprise<\/strong><\/h6>\n\n\n\n<p class=\"blockart-paragraph blockart-paragraph-b2509ed8\">Avec notre service de paie, b\u00e9n\u00e9ficiez d\u2019une solution compl\u00e8te, simple et parfaitement encadr\u00e9e, adapt\u00e9e \u00e0 vos besoins sp\u00e9cifiques. Nous prenons en charge l\u2019ensemble du processus, de l\u2019\u00e9tablissement des bulletins de salaire au respect des obligations l\u00e9gales et sociales, en passant par les d\u00e9clarations sociales. Nous vous accompagnons pour s\u00e9curiser vos proc\u00e9dures, garantir la conformit\u00e9 avec la l\u00e9gislation en constante \u00e9volution pour vous concentrer sur le d\u00e9veloppement de votre activit\u00e9.<br><br><strong>Nos missions\u00a0:<\/strong><\/p>\n\n\n\n<ul style=\"font-size:18px\" class=\"wp-block-list\">\n<li>Collecter les variables de paies.<\/li>\n\n\n\n<li>Saisie et contr\u00f4le des variables de paies.<\/li>\n\n\n\n<li>Gestion des arr\u00eats maladies et accidents du travail.<\/li>\n\n\n\n<li>Etablissement et validation des bulletins de salaire.<\/li>\n\n\n\n<li>Calcul et pointage des charges sociales&nbsp;.<\/li>\n\n\n\n<li>T\u00e9l\u00e9transmission des d\u00e9clarations sociales nominatives.<\/li>\n\n\n\n<li>Etablissement et t\u00e9l\u00e9transmission des D.S.N. \u00e9v\u00e8nementielles (AT, maternit\u00e9, paternit\u00e9, fin de contrat\u2026).<\/li>\n\n\n\n<li>Suivi des effectifs.<\/li>\n\n\n\n<li>Suivi des aides \u00e0 l\u2019emplois, des all\u00e8gements et des exon\u00e9rations.<\/li>\n<\/ul>\n<\/div><\/div>\n<\/div><\/div><\/div>\n","protected":false},"excerpt":{"rendered":"","protected":false},"author":1,"featured_media":0,"parent":0,"menu_order":0,"comment_status":"closed","ping_status":"closed","template":"","meta":{"zakra_sidebar_layout":"customizer","zakra_remove_content_margin":false,"zakra_sidebar":"customizer","zakra_transparent_header":"0","zakra_logo":0,"zakra_main_header_style":"default","zakra_menu_item_color":"#ffffff","zakra_menu_item_hover_color":"","zakra_menu_item_active_color":"","zakra_menu_active_style":"style-2","zakra_page_header":false,"footnotes":""},"class_list":["post-2228","page","type-page","status-publish","hentry"],"_links":{"self":[{"href":"https:\/\/guarinos83.fr\/index.php?rest_route=\/wp\/v2\/pages\/2228","targetHints":{"allow":["GET"]}}],"collection":[{"href":"https:\/\/guarinos83.fr\/index.php?rest_route=\/wp\/v2\/pages"}],"about":[{"href":"https:\/\/guarinos83.fr\/index.php?rest_route=\/wp\/v2\/types\/page"}],"author":[{"embeddable":true,"href":"https:\/\/guarinos83.fr\/index.php?rest_route=\/wp\/v2\/users\/1"}],"replies":[{"embeddable":true,"href":"https:\/\/guarinos83.fr\/index.php?rest_route=%2Fwp%2Fv2%2Fcomments&post=2228"}],"version-history":[{"count":4,"href":"https:\/\/guarinos83.fr\/index.php?rest_route=\/wp\/v2\/pages\/2228\/revisions"}],"predecessor-version":[{"id":2355,"href":"https:\/\/guarinos83.fr\/index.php?rest_route=\/wp\/v2\/pages\/2228\/revisions\/2355"}],"wp:attachment":[{"href":"https:\/\/guarinos83.fr\/index.php?rest_route=%2Fwp%2Fv2%2Fmedia&parent=2228"}],"curies":[{"name":"wp","href":"https:\/\/api.w.org\/{rel}","templated":true}]}}

<div class="blockart-section blockart-section-741c1c3f"><div class="blockart-container"><div class="blockart-section-inner">
<div class="blockart-column blockart-column-dfa722f2"><div class="blockart-column-inner">
<h6 class="blockart-heading blockart-heading-9a029d20"><strong>Gestion de la paie : simplicité et sécurité pour votre entreprise</strong></h6>



<p class="blockart-paragraph blockart-paragraph-b2509ed8">Avec notre service de paie, bénéficiez d’une solution complète, simple et parfaitement encadrée, adaptée à vos besoins spécifiques. Nous prenons en charge l’ensemble du processus, de l’établissement des bulletins de salaire au respect des obligations légales et sociales, en passant par les déclarations sociales. Nous vous accompagnons pour sécuriser vos procédures, garantir la conformité avec la législation en constante évolution pour vous concentrer sur le développement de votre activité.<br><br><strong>Nos missions :</strong></p>



<ul style="font-size:18px" class="wp-block-list">
<li>Collecter les variables de paies.</li>



<li>Saisie et contrôle des variables de paies.</li>



<li>Gestion des arrêts maladies et accidents du travail.</li>



<li>Etablissement et validation des bulletins de salaire.</li>



<li>Calcul et pointage des charges sociales&nbsp;.</li>



<li>Télétransmission des déclarations sociales nominatives.</li>



<li>Etablissement et télétransmission des D.S.N. évènementielles (AT, maternité, paternité, fin de contrat…).</li>



<li>Suivi des effectifs.</li>



<li>Suivi des aides à l’emplois, des allègements et des exonérations.</li>
</ul>
</div></div>
</div></div></div>
