{"id":2137,"date":"2025-12-01T16:49:54","date_gmt":"2025-12-01T16:49:54","guid":{"rendered":"https:\/\/guarinos83.fr\/?page_id=2137"},"modified":"2025-12-04T15:21:45","modified_gmt":"2025-12-04T15:21:45","slug":"artisans-et-commercants","status":"publish","type":"page","link":"https:\/\/guarinos83.fr\/?page_id=2137","title":{"rendered":"Artisans et commer\u00e7ants"},"content":{"rendered":"\n<div class=\"blockart-section blockart-section-77edf41f\"><div class=\"blockart-container\"><div class=\"blockart-section-inner\">\n<div class=\"blockart-column blockart-column-8278d646\"><div class=\"blockart-column-inner\">\n<h2 class=\"blockart-heading blockart-heading-2047ad70 is-small\">\u00a0<br><strong>EXPERTISE ET CONSEIL POUR LES ARTISANS ET COMMER\u00c7ANTS<\/strong><\/h2>\n\n\n\n<p style=\"font-size:16px\"><br>Les artisans et commer\u00e7ants font face \u00e0 des enjeux sp\u00e9cifiques : gestion des flux de tr\u00e9sorerie, suivi des stocks, marges \u00e9troites et obligations fiscales et sociales multiples. Nous accompagnons ces professionnels dans la tenue de leur comptabilit\u00e9, l\u2019\u00e9tablissement de leurs comptes annuels et l\u2019analyse financi\u00e8re de leur activit\u00e9.<\/p>\n\n\n\n<p style=\"font-size:16px\">Nous vous aidons \u00e0 suivre vos ventes, ma\u00eetriser vos co\u00fbts et optimiser vos marges, tout en respectant vos obligations l\u00e9gales et fiscales. Gr\u00e2ce \u00e0 notre accompagnement, vous disposez d\u2019informations fiables et claires pour piloter votre activit\u00e9, s\u00e9curiser vos d\u00e9cisions et assurer le d\u00e9veloppement durable de votre entreprise.<\/p>\n\n\n\n<div class=\"blockart-buttons blockart-buttons-88ca8b59 is-wrap is-horizontal justify-left justify-left-sm\"><\/div>\n<\/div><\/div>\n\n\n\n<div class=\"blockart-column blockart-column-5d130460\"><div class=\"blockart-column-inner justify-center\">\n<figure class=\"blockart-image blockart-image-96d59b36\"><img loading=\"lazy\" decoding=\"async\" class=\"wp-image-2138 hover-effect-static filter-none mask mask-none\" src=\"https:\/\/guarinos83.fr\/wp-content\/uploads\/2025\/12\/artisans-et-commercant72-e1764860066156.jpg\" alt=\"\" height=\"274\" width=\"512\" srcset=\"https:\/\/guarinos83.fr\/wp-content\/uploads\/2025\/12\/artisans-et-commercant72-e1764860066156.jpg 512w, https:\/\/guarinos83.fr\/wp-content\/uploads\/2025\/12\/artisans-et-commercant72-e1764860066156-300x161.jpg 300w\" sizes=\"auto, (max-width: 512px) 100vw, 512px\" \/><\/figure>\n<\/div><\/div>\n<\/div><\/div><\/div>\n","protected":false},"excerpt":{"rendered":"","protected":false},"author":1,"featured_media":0,"parent":0,"menu_order":0,"comment_status":"closed","ping_status":"closed","template":"","meta":{"zakra_sidebar_layout":"customizer","zakra_remove_content_margin":false,"zakra_sidebar":"customizer","zakra_transparent_header":"0","zakra_logo":0,"zakra_main_header_style":"default","zakra_menu_item_color":"","zakra_menu_item_hover_color":"","zakra_menu_item_active_color":"","zakra_menu_active_style":"style-2","zakra_page_header":false,"footnotes":""},"class_list":["post-2137","page","type-page","status-publish","hentry"],"_links":{"self":[{"href":"https:\/\/guarinos83.fr\/index.php?rest_route=\/wp\/v2\/pages\/2137","targetHints":{"allow":["GET"]}}],"collection":[{"href":"https:\/\/guarinos83.fr\/index.php?rest_route=\/wp\/v2\/pages"}],"about":[{"href":"https:\/\/guarinos83.fr\/index.php?rest_route=\/wp\/v2\/types\/page"}],"author":[{"embeddable":true,"href":"https:\/\/guarinos83.fr\/index.php?rest_route=\/wp\/v2\/users\/1"}],"replies":[{"embeddable":true,"href":"https:\/\/guarinos83.fr\/index.php?rest_route=%2Fwp%2Fv2%2Fcomments&post=2137"}],"version-history":[{"count":9,"href":"https:\/\/guarinos83.fr\/index.php?rest_route=\/wp\/v2\/pages\/2137\/revisions"}],"predecessor-version":[{"id":2303,"href":"https:\/\/guarinos83.fr\/index.php?rest_route=\/wp\/v2\/pages\/2137\/revisions\/2303"}],"wp:attachment":[{"href":"https:\/\/guarinos83.fr\/index.php?rest_route=%2Fwp%2Fv2%2Fmedia&parent=2137"}],"curies":[{"name":"wp","href":"https:\/\/api.w.org\/{rel}","templated":true}]}}

Artisans et commerçants

<div class="blockart-section blockart-section-77edf41f"><div class="blockart-container"><div class="blockart-section-inner">
<div class="blockart-column blockart-column-8278d646"><div class="blockart-column-inner">
<h2 class="blockart-heading blockart-heading-2047ad70 is-small"> <br><strong>EXPERTISE ET CONSEIL POUR LES ARTISANS ET COMMERÇANTS</strong></h2>



<p style="font-size:16px"><br>Les artisans et commerçants font face à des enjeux spécifiques : gestion des flux de trésorerie, suivi des stocks, marges étroites et obligations fiscales et sociales multiples. Nous accompagnons ces professionnels dans la tenue de leur comptabilité, l’établissement de leurs comptes annuels et l’analyse financière de leur activité.</p>



<p style="font-size:16px">Nous vous aidons à suivre vos ventes, maîtriser vos coûts et optimiser vos marges, tout en respectant vos obligations légales et fiscales. Grâce à notre accompagnement, vous disposez d’informations fiables et claires pour piloter votre activité, sécuriser vos décisions et assurer le développement durable de votre entreprise.</p>



<div class="blockart-buttons blockart-buttons-88ca8b59 is-wrap is-horizontal justify-left justify-left-sm"></div>
</div></div>



<div class="blockart-column blockart-column-5d130460"><div class="blockart-column-inner justify-center">
<figure class="blockart-image blockart-image-96d59b36"><img loading="lazy" decoding="async" class="wp-image-2138 hover-effect-static filter-none mask mask-none" src="https://guarinos83.fr/wp-content/uploads/2025/12/artisans-et-commercant72-e1764860066156.jpg" alt="" height="274" width="512" srcset="https://guarinos83.fr/wp-content/uploads/2025/12/artisans-et-commercant72-e1764860066156.jpg 512w, https://guarinos83.fr/wp-content/uploads/2025/12/artisans-et-commercant72-e1764860066156-300x161.jpg 300w" sizes="auto, (max-width: 512px) 100vw, 512px" /></figure>
</div></div>
</div></div></div>
