{"id":1312,"date":"2025-04-28T11:12:04","date_gmt":"2025-04-28T11:12:04","guid":{"rendered":"https:\/\/guarinos83.fr\/?page_id=1312"},"modified":"2025-12-04T15:11:56","modified_gmt":"2025-12-04T15:11:56","slug":"boulangerie","status":"publish","type":"page","link":"https:\/\/guarinos83.fr\/?page_id=1312","title":{"rendered":"Boulangerie"},"content":{"rendered":"\n<div class=\"blockart-section blockart-section-77edf41f\"><div class=\"blockart-container\"><div class=\"blockart-section-inner\">\n<div class=\"blockart-column blockart-column-8278d646\"><div class=\"blockart-column-inner\">\n<h2 class=\"blockart-heading blockart-heading-2047ad70 is-small\">EXPERTISE ET CONSEIL POUR LES BOULANGERIES<\/h2>\n\n\n\n<p class=\"has-text-align-left\" style=\"font-size:16px\"><br>Notre \u00e9quipe a r\u00e9ussi au fils des ans \u00e0 fid\u00e9liser une forte client\u00e8le de Boulangers que nous accompagnons au quotidien, pour les aider \u00e0 d\u00e9chiffrer leur environnement proche, \u00e0 comprendre les variations des principaux clignotants, indicateurs de la boulangerie, ainsi qu\u2019\u00e0 ma\u00eetriser certains signaux faibles du secteur qui conduisent toujours \u00e0 pr\u00e9venir les difficult\u00e9s.<\/p>\n\n\n\n<p style=\"font-size:16px\"><br><strong>Nous travaillons :<\/strong><\/p>\n\n\n\n<ul class=\"wp-block-list\">\n<li>Sur l\u2019\u00e9volution de la r\u00e9partition des composantes du chiffre d\u2019affaires (boulangerie, p\u00e2tisserie,<br>viennoiserie, snacking)<\/li>\n\n\n\n<li>Sur la pression que subissent les marges :\n<ul class=\"wp-block-list\">\n<li>Prix de vente (ticket moyen)<\/li>\n\n\n\n<li>Co\u00fbt des mati\u00e8res premi\u00e8res<\/li>\n\n\n\n<li>Emballages<\/li>\n\n\n\n<li>Fiches techniques, composition des produits<\/li>\n<\/ul>\n<\/li>\n\n\n\n<li>Sur l\u2019\u00e9volution de la masse salariale\n<ul class=\"wp-block-list\">\n<li>Ratio d\u2019activit\u00e9 par personne en production (boulanger ou p\u00e2tissier)<\/li>\n\n\n\n<li>Ratio d\u2019activit\u00e9 par personne \u00e0 la vente avec fixation du ticket moyen<\/li>\n\n\n\n<li>Points sur l\u2019am\u00e9lioration de ces ratios<\/li>\n\n\n\n<li>Points de d\u00e9veloppement g\u00e9n\u00e9ral<\/li>\n\n\n\n<li>Points de s\u00e9curite<\/li>\n<\/ul>\n<\/li>\n<\/ul>\n\n\n\n<div class=\"blockart-buttons blockart-buttons-88ca8b59 is-wrap is-horizontal justify-left justify-left-sm\"><\/div>\n<\/div><\/div>\n\n\n\n<div class=\"blockart-column blockart-column-5d130460\"><div class=\"blockart-column-inner\">\n<figure class=\"blockart-image blockart-image-96d59b36\"><img loading=\"lazy\" decoding=\"async\" width=\"612\" height=\"408\" class=\"wp-image-2080 hover-effect-static filter-none mask mask-none\" src=\"https:\/\/guarinos83.fr\/wp-content\/uploads\/2025\/12\/photo-painviennoiserie72.jpg\" alt=\"\" srcset=\"https:\/\/guarinos83.fr\/wp-content\/uploads\/2025\/12\/photo-painviennoiserie72.jpg 612w, https:\/\/guarinos83.fr\/wp-content\/uploads\/2025\/12\/photo-painviennoiserie72-300x200.jpg 300w\" sizes=\"auto, (max-width: 612px) 100vw, 612px\" \/><\/figure>\n<\/div><\/div>\n<\/div><\/div><\/div>\n","protected":false},"excerpt":{"rendered":"","protected":false},"author":1,"featured_media":0,"parent":0,"menu_order":0,"comment_status":"closed","ping_status":"closed","template":"","meta":{"zakra_sidebar_layout":"customizer","zakra_remove_content_margin":false,"zakra_sidebar":"customizer","zakra_transparent_header":"0","zakra_logo":0,"zakra_main_header_style":"default","zakra_menu_item_color":"","zakra_menu_item_hover_color":"","zakra_menu_item_active_color":"","zakra_menu_active_style":"style-2","zakra_page_header":false,"footnotes":""},"class_list":["post-1312","page","type-page","status-publish","hentry"],"_links":{"self":[{"href":"https:\/\/guarinos83.fr\/index.php?rest_route=\/wp\/v2\/pages\/1312","targetHints":{"allow":["GET"]}}],"collection":[{"href":"https:\/\/guarinos83.fr\/index.php?rest_route=\/wp\/v2\/pages"}],"about":[{"href":"https:\/\/guarinos83.fr\/index.php?rest_route=\/wp\/v2\/types\/page"}],"author":[{"embeddable":true,"href":"https:\/\/guarinos83.fr\/index.php?rest_route=\/wp\/v2\/users\/1"}],"replies":[{"embeddable":true,"href":"https:\/\/guarinos83.fr\/index.php?rest_route=%2Fwp%2Fv2%2Fcomments&post=1312"}],"version-history":[{"count":127,"href":"https:\/\/guarinos83.fr\/index.php?rest_route=\/wp\/v2\/pages\/1312\/revisions"}],"predecessor-version":[{"id":2302,"href":"https:\/\/guarinos83.fr\/index.php?rest_route=\/wp\/v2\/pages\/1312\/revisions\/2302"}],"wp:attachment":[{"href":"https:\/\/guarinos83.fr\/index.php?rest_route=%2Fwp%2Fv2%2Fmedia&parent=1312"}],"curies":[{"name":"wp","href":"https:\/\/api.w.org\/{rel}","templated":true}]}}